e ((-1)/(1 - 4))/((-4)/(-12)). Let x be (5 + (-3 - 4))/(f/(-60)). What are the prime factors of (-2)/(-15) + 11144/x?
3, 31
Let u(d) = 27*d**2 - 7. Let r be u(-3). Let p = r + -126. List the prime factors of (7 + p/(-14))/(1/(-84)).
2, 3
Let t = -28 - -37. Suppose u = -4 + t. Suppose u*l - 99 = -29. List the prime factors of l.
2, 7
Suppose -7*v + 24 = 5*o - 3*v, o - 5*v + 1 = 0. What are the prime factors of ((-190878)/(-116))/(6/o)?
1097
Let d(t) = -5*t. Let b be d(-10). Let a = -976 - -977. What are the prime factors of (-297)/(-1*a) + (b - 53)?
2, 3, 7
Let m(i) = i**3 + 11*i**2 - 4*i - 6. Let o be m(-5). Let r be (-6)/11 + ((-60)/48)/(11/4). List the prime factors of -2 + o/4 - (r - 1).
41
Let h = -4 + 6. Let v(w) = 2*w + 2. Let f be v(h). Suppose -553 = f*p - 1747. What are the prime factors of p?
199
Suppose 5*h + 0*h = 3*b - 18640, -5*h = 4*b - 24795. What are the prime factors of b?
5, 17, 73
Let c = -17323 - -17452. List the prime factors of c.
3, 43
Suppose -41*d + 37*d + 11484 = 0. What are the prime factors of d?
3, 11, 29
Let s = 68 - 64. Let z be -9*(2/(-1) + s). What are the prime factors of (-494)/(-10) - z/(-45)?
7
Let c(w) = w**3 - w**2 - 2*w - 8. Let i be c(4). Let p(d) = d**3 - 33*d**2 + 36*d - 75. What are the prime factors of p(i)?
53
Suppose 11159 = 5*k - y, 15*k - 12*k - 6697 = y. What are the prime factors of k?
23, 97
Let a = 127 - 65. Let c = a + -311. Let s = c - -358. What are the prime factors of s?
109
Suppose 0 = -42*m + 14*m + 83860. Let c = m - 1929. List the prime factors of c.
2, 13, 41
Let m = -172 + 173. List the prime factors of -3 + (375/3 - 4/m).
2, 59
Suppose 124*y = 4713 - 0 + 495. Let w = 3 - -36. Suppose 690 = -w*p + y*p. What are the prime factors of p?
2, 5, 23
Let u(p) = 3*p**2 - 4*p + 47. Let k be u(15). Suppose k + 548 = 22*h. What are the prime factors of h?
5, 11
Let w = -105 + 119. What are the prime factors of 6/w - (-6129)/7?
2, 3, 73
Let n(l) = -19 + 17*l - 11*l + 45*l**2 - 13*l**2. What are the prime factors of n(3)?
7, 41
Let f = 62 + -64. Let n be f/(-3) + (-2)/((-12)/14). Suppose 3*u - 37 = d - 143, n*u + 12 = 0. What are the prime factors of d?
2, 47
Let s be 4/6*549/122. Suppose 13572 = 16*o - s*o. What are the prime factors of o?
2, 3, 29
Suppose -87*r + 1491834 = 1256086 - 3062161. What are the prime factors of r?
37907
Suppose 0 = -2*f - 0*f + 4*k + 1958, 0 = 4*k - 8. Let o = 1496 - f. What are the prime factors of o?
3, 19
Suppose -5*k + 8160 = 2*p, -7513 = -4*p + 3*k + 8859. What are the prime factors of p?
2, 5, 409
Suppose -245*j + 159455 = -289625 + 48750. What are the prime factors of j?
2, 19, 43
Let o(n) = -38*n - 4. Suppose -x + 0*r + 5*r - 14 = 0, 0 = -5*x + 2*r - 47. Let g be o(x). List the prime factors of (g/13)/(2/5).
5, 13
Let d(o) = 23*o**2 + 25*o + 195. List the prime factors of d(-13).
13, 17
Let w(q) = 5*q - 14. Let o be w(7). Let b(n) = -7 + n + 17*n + o*n + 5. List the prime factors of b(2).
2, 19
Suppose 0 = 4*j - 5*r - 15, -5*r = -j + 6*j - 30. Suppose -6*v + 1 = -j*v. List the prime factors of (12 - 0)*((-37)/(-4))/v.
3, 37
Let a(w) = 4234*w - 155. What are the prime factors of a(1)?
4079
Let u be -3 + (-6)/(24/(-2372)). Let o = 891 - u. What are the prime factors of o?
7, 43
What are the prime factors of ((-1358)/6)/(5/(-15))?
7, 97
Suppose 11*j - 9*j = 6. Let y(g) = -g**2 - 10 + j*g**2 - 1 + 11*g. List the prime factors of y(-10).
79
Suppose 2*j + m - 23407 = 0, -6*m + 2*m = j - 11721. List the prime factors of j.
11701
Let m = 388 + -385. Suppose m*x - 1232 = -8*x. List the prime factors of x.
2, 7
Suppose -218 = 4*g - 5*s + 141, 3*s - 452 = 5*g. Let u be g/13*2/(-7). Suppose 5*y - 390 = -5*i, u*i + 2*y - y = 153. What are the prime factors of i?
3, 5
Let a(u) = 1834*u + 2429. Let d(q) = 167*q + 221. Let o(l) = 5*a(l) - 56*d(l). List the prime factors of o(-11).
7, 11, 23
Suppose 2*c + 10 = 0, 2*c + 18 - 100 = p. Let u = -87 - p. Suppose u*l - 140 = h, -16 - 12 = -l + 3*h. What are the prime factors of l?
2, 7
List the prime factors of (158*2)/((-8)/294*(-126)/84).
2, 7, 79
Let u = -2116 - -3082. What are the prime factors of ((-1)/(-1) - -1) + u/3?
2, 3
Let c(l) = -3*l**2 + 51*l + 83. Let g(k) = -7*k**2 + 101*k + 165. Let z(n) = -9*c(n) + 4*g(n). List the prime factors of z(-44).
397
Suppose 24*q - 5*o = 21*q + 29, 2*o = 4*q - 20. Suppose 4*r = -b + 2766 - 982, q*r - 1357 = 4*b. What are the prime factors of r?
3, 149
What are the prime factors of (-44808)/((8/14)/((-8)/112*4))?
2, 3, 1867
Let q = 60 + -46. Let r = -8 + q. Suppose -10 = r*s - 7*s. List the prime factors of s.
2, 5
Let w = 29 + 81. Let u be (-3044)/10 + (-11)/(w/(-4)). What are the prime factors of ((-1)/4)/(3 - (-916)/u)?
19
Let q(z) = 5*z + 7. Let b(g) = g**2 - 3*g. Let x be b(4). Let i be q(x). Let y = 37 - i. What are the prime factors of y?
2, 5
Suppose 4*m + 1798 = 6634. Suppose -m - 439 = -8*q. List the prime factors of q.
2, 103
Let z = 1147 + 1063. Suppose 243*r = 248*r - z. List the prime factors of r.
2, 13, 17
Let z(g) = g**2 + 9*g + 16. Let n be z(-7). Suppose -5 = f, 3*l - n*f - 5 = -1. What are the prime factors of (l + 2/(-4))/((-2)/24)?
2, 3, 5
Let r(x) = -x - 87. Let c be r(-36). Let i = 42 - c. What are the prime factors of i?
3, 31
Let g be 308940/150 + 4/10. Suppose -5*z - 5*s = -g, 3*s + 17 - 20 = 0. What are the prime factors of z?
3, 137
Suppose -4*b = -20, 2*h + 80*b - 78*b = 14774. List the prime factors of h.
2, 3691
Let x(o) = -o**3 + 26*o**2 - 12*o + 98. Let v be x(25). Let i = 521 - v. List the prime factors of i.
2, 7
Suppose 538 = -3*q - 2*y, 5*q - 616 = -3*y - 1512. Suppose -114 = 4*f - 1338. Let s = f + q. List the prime factors of s.
2
Let q = -18639 + 84710. List the prime factors of q.
66071
Let o = -38 + -539. Let c = 1608 + o. List the prime factors of c.
1031
Let n be 132/4 - 3 - -2. Suppose -s + n = 7*s. Suppose -528 = -0*c - s*c. List the prime factors of c.
2, 3, 11
Let o(h) = 13*h - 123. Let q be o(38). Suppose -1626 = q*l - 374*l. List the prime factors of l.
2, 271
Let l(k) = k**2 - 8*k + 35. Let a be l(-24). Let x = a + -426. List the prime factors of x.
13, 29
What are the prime factors of (860*((-5)/(-6))/5)/((-380)/(-8550))?
3, 5, 43
Let g = 29 - 35. Let i(q) = -4*q**3 - 6*q**2 + 6*q + 4. Let u be i(g). Suppose 15*o + u = 19*o. List the prime factors of o.
2, 7, 11
Suppose 31*j - 3*j + 2622912 = 220*j. What are the prime factors of j?
19, 719
Let s(b) = 64 - 598*b + 63 + 616*b. What are the prime factors of s(0)?
127
Suppose -7 = -3*k + 2*g + 2, 3*g = k - 10. Suppose -2*o = o - 4*w - 1, 5*w = 3*o + k. Suppose -108 = -z + o*p, -p - 2*p = 9. List the prime factors of z.
3, 11
Let a(n) = -3*n**2 + 149*n + 13. Let m be (75/(-9))/((-20)/60). List the prime factors of a(m).
3, 23
Let g be (3/2)/((-1)/58). Suppose 4*v = -2*n + 720, 206*v - 209*v + 579 = -5*n. Let h = v + g. What are the prime factors of h?
2, 3
Let s(d) = -d**2 + 4*d - 5. Let t be s(2). Let w(r) = -342*r + 3. Let f be w(t). What are the prime factors of -2*(-10)/(-2)*f/(-30)?
5, 23
Let a(o) = 38*o - 47. Let z be a(14). Suppose -351 - z = -s + 4*d, -3249 = -4*s - 3*d. Suppose -588 = -6*m + s. What are the prime factors of m?
2, 3, 13
Let b(g) = 111*g + 39. Let x be b(7). Let q = x + -479. What are the prime factors of q?
337
Suppose 2*v - 5*g + 5422 = 22901, -4*v = -4*g - 34964. What are the prime factors of v?
2, 3, 31, 47
Let u(g) = g**2 - 5*g - 9. Suppose -22 = c - 29. Let d be u(c). Suppose -3*m - 5*v = -483, 43 = -4*m + d*v + 687. List the prime factors of m.
7, 23
Suppose -142*r = -141*r - 4. Suppose -4*n = r*y - 2388, -14*n + 18*n = y + 2373. List the prime factors of n.
2, 3, 11
Let r be (36/(-45))/(-2*(-1)/(-5)). Suppose -4200 = -r*x - 1374. List the prime factors of x.
3, 157
Let y(p) = -4*p**2 - 86*p + 37. Let g be y(-22). Let i(b) = 17*b**2 - 19*b - 23. What are the prime factors of i(g)?
23, 41
Let z(u) = -u**3 - 5*u**2 - 6*u - 4. Suppose -7*q = -15 + 43. Let i be z(q). Let t(k) = 4*k**2 + 5*k - 15. What are the prime factors of t(i)?
3, 23
Let c(l) = 26*l**2 + 12*l - 25. Suppose -16*x = -28*x + 60. What are the prime factors of c(x)?
5, 137
Let f = 6695 - 2775. What are the prime factors of f?
2, 5, 7
Suppose 4*a = -2*c - 74, 3*c + a = -4*a - 107. Let b(h) = -